, 7
List the prime factors of ((-15609)/(-387))/((4/(-75))/(-4)).
5, 11
Suppose -104 = -4*b + x + 3*x, -2*b + x + 47 = 0. What are the prime factors of (-51)/4*(-196)/b?
7, 17
What are the prime factors of (-195260)/(-55) - 22/121?
2, 5, 71
Let r = 46 - 30. Let p = -2 + 6. Suppose -2*c = -3*t - 20, 2*c + 3*t - r = p*t. What are the prime factors of c?
7
Let r = 4 - 1. Let z(y) = y**3 - 2*y - y**2 + 10*y - 12*y + 2*y. List the prime factors of z(r).
2, 3
Let a = 10 + -15. Let h(d) = d**3 + 5*d**2 - 5*d - 6. List the prime factors of h(a).
19
Let r(f) be the third derivative of f**6/120 + 7*f**5/60 + 5*f**4/24 - f**3/6 + 7*f**2. What are the prime factors of r(-6)?
5
Let c(j) = 777*j**2 + 19*j + 30. What are the prime factors of c(-2)?
2, 5, 31
Let a(o) be the second derivative of o**4/12 - 11*o**3/6 - 6*o**2 - 6*o. Let l be a(12). List the prime factors of (l - -15)*(-2)/(-2).
3, 5
Let o(c) = 7*c**2 - 7*c - 3. Let t be o(-4). Let m = 4 + t. List the prime factors of m.
3, 47
Let t(p) = -3*p**3 - 3*p**2 + 8*p - 5. What are the prime factors of t(-4)?
107
Let b = 109 - 109. Suppose -5*r - s = -61, b*s - 4*s - 42 = -2*r. What are the prime factors of r?
13
Let x = 40 + -35. Let h(t) = -t**3 + 9*t**2 + t + 7. Let d be h(9). Suppose x*y - l - 49 = 0, -5*y = -y + 5*l - d. What are the prime factors of y?
3
Let n be (3 - 2)*(3 - 1). Suppose d + 2*c + 19 = 0, -4*d + 2*c - 100 = -n*c. Let x = 58 + d. What are the prime factors of x?
5, 7
Suppose 25 = y - 241. List the prime factors of y.
2, 7, 19
Suppose 2 = -3*k + 17. Suppose -9 = -l - 3*s, s + k = 2*l + 1. Suppose -l*q - 28 - 12 = -4*i, -5*i = -5*q - 45. List the prime factors of i.
13
Suppose 0 = -3*u - 0 + 6. Suppose -129 - 100 = -u*r - p, -341 = -3*r - 2*p. What are the prime factors of r?
3, 13
Let c = -872 - -2333. List the prime factors of c.
3, 487
Suppose 5*u + x - 5 = 2*x, -15 = -2*u + 3*x. Let m(w) = -3*w + 24. List the prime factors of m(u).
2, 3
Suppose -7*n - 18 = -n. Let a be (-4)/12 + (-7)/n. What are the prime factors of (-1)/(2/(-108)*a)?
3
Suppose 0 = -3*j - 40 - 5. List the prime factors of (-651)/j - (-8)/(-20).
43
Suppose 4*w + 5*z - 3356 = 3374, z - 2 = 0. What are the prime factors of w?
2, 3, 5, 7
Let t = 442 - 228. Suppose -4*y + 230 = -2*b, 3*b - t = -5*y + 46. List the prime factors of y.
5, 11
Suppose -90*a + 174281 = -120289. What are the prime factors of a?
3, 1091
Let m(f) = 4*f + 9*f - f**3 + 8 + 0*f - 7*f**2. What are the prime factors of m(-9)?
53
Let u(j) be the first derivative of -7*j**2/2 + 19*j + 25. What are the prime factors of u(-7)?
2, 17
Suppose -3*j + 1 = 5*h, 7*j - 8*j - 7 = -2*h. Let r(p) = 39*p**2 + 8*p. List the prime factors of r(h).
2, 43
List the prime factors of (-2 + 1*-49)/((-63)/3318).
2, 17, 79
Suppose 0 = 5*q + 684 - 2729. List the prime factors of q.
409
Suppose -v = -4*v + 99. Suppose -2*d + 2*p + 13 + 43 = 0, -2*d - 3*p + 51 = 0. Let f = d + v. What are the prime factors of f?
2, 3, 5
Suppose -r = -3*u - 2, r - 5*r - 2*u + 8 = 0. Suppose -i = -1, 3*s - r*i - 130 - 15 = 0. What are the prime factors of s?
7
Let v = 59 - -94. What are the prime factors of v?
3, 17
Let v(h) be the second derivative of h**5/20 - 3*h**4/4 - 7*h**3/3 - 7*h**2 + 15*h. List the prime factors of v(11).
2, 37
Let s(i) = 120*i - 367. List the prime factors of s(5).
233
Suppose -5*l - 196 = s - 3048, 2*l + 5740 = 2*s. List the prime factors of s.
47, 61
Suppose 5*c = -4*v + 1580, -c = -4*v - 119 + 1699. List the prime factors of v.
5, 79
Let t(g) = -144*g. List the prime factors of t(-7).
2, 3, 7
Let b(l) = -19*l + 1. Let z(w) = -w**2 - 3*w + 2. Let i be z(-5). List the prime factors of b(i).
3, 17
Let h(b) = b**2 - 3*b + 4. Let p be h(-5). Let j = -103 + 108. Suppose j*v = 6*w - 3*w - p, 0 = -4*w - 5*v + 117. List the prime factors of w.
23
Let l(v) = -2*v**2 + 0*v**2 + 5*v**2 - 11*v + 13 + 13*v. What are the prime factors of l(-4)?
53
Suppose 7*i - 739 = 3048. What are the prime factors of i?
541
Let g be -2 - (16/(-4) - -1). Let v(u) = 70*u - 1. What are the prime factors of v(g)?
3, 23
Let y(k) = -2*k - 5*k + k**2 + 2 - 8*k + 17*k. Let i be y(0). Suppose 2*h + i*h - 84 = 0. What are the prime factors of h?
3, 7
Suppose -8*z + 3402 = -4998. What are the prime factors of z?
2, 3, 5, 7
Suppose 2*g - 6154 = -5*w, 8*w - 12*w = 0. What are the prime factors of g?
17, 181
Suppose -4*i - 8*d + 186 = -10*d, -3*d = 5*i - 238. What are the prime factors of i?
47
Let v(z) = -z**2 - 17*z - 33. Let t be v(-14). Suppose t*d - 151 = 173. What are the prime factors of d?
2, 3
Let s(v) = 1 - 30*v - 30*v + 49*v + 1. List the prime factors of s(-2).
2, 3
Let i = 79 - -56. List the prime factors of i.
3, 5
Suppose 5*f + 4*d - d + 99 = 0, f - d = -15. Let c = f + 24. Suppose -q = -c - 2. What are the prime factors of q?
2
Suppose 70*z = 95*z - 36425. What are the prime factors of z?
31, 47
Let d = -14 - -20. What are the prime factors of d?
2, 3
Suppose -3*l + 5*t + 3446 = 0, 50*t - 2306 = -2*l + 49*t. List the prime factors of l.
2, 3
Let w(g) be the third derivative of 0 + 1/3*g**4 - 8*g**2 + 0*g + 4/3*g**3. What are the prime factors of w(4)?
2, 5
Let o = -91 - -121. List the prime factors of (o + 0)/((-12)/20 + 1).
3, 5
Suppose 259 = 5*h + 1699. Let w = -187 - h. What are the prime factors of w?
101
Let p(t) = 8*t**2 + 54*t + 9. List the prime factors of p(-8).
89
Let r(w) = 5*w + 10. Let t(y) = 14*y + 29. Let i = 6 + 5. Let z(d) = i*r(d) - 4*t(d). List the prime factors of z(-10).
2
Let t = 1296 + -481. What are the prime factors of t?
5, 163
Let y = -34 + 97. Let g be (-14)/(-91) + y/13. Suppose 2*s - 205 = -g*z, -68 = -z + 2*s + 3*s. List the prime factors of z.
43
What are the prime factors of 4998/8 + 10*(-6)/(-240)?
5
Suppose 29 + 25 = 3*l. Suppose -h + 2*i = -l, 0 = -2*h - 5*i + 11 + 25. What are the prime factors of h?
2, 3
Suppose -10 = w - 0*w. Let t(z) = -7*z - z**2 + 11*z - 7*z - 8*z - 8. What are the prime factors of t(w)?
2
Let o be (-1)/7 + 129/21. Suppose 22 = 2*f - o. What are the prime factors of (-4)/f + 363/21?
17
What are the prime factors of -647*((-680)/200 - (-2)/5)?
3, 647
Let n = 23 + -17. Suppose 5*l - 20 = 5*c, -4*c = 2*l - c - 23. Suppose -d + l = -n. What are the prime factors of d?
13
Let z = -4217 - -7341. List the prime factors of z.
2, 11, 71
Let s be 1/4 - (4 - 315/(-12)). List the prime factors of s/(-315) + (-5773)/(-21).
5, 11
Let u(r) = -3*r + 10 + 3*r**2 + 0*r**2 + 7 - 7. What are the prime factors of u(5)?
2, 5, 7
Let a = -241 + 81. Let r = a + 265. What are the prime factors of r?
3, 5, 7
Suppose -4*p + 0*p + 196 = 2*s, p - 202 = -2*s. List the prime factors of s.
2, 3, 17
Suppose 21*k - 8*k - 143 = 0. Suppose -12*m + 11*m + k = 0. What are the prime factors of m?
11
Suppose 27*s - 24*s - 1932 = 0. What are the prime factors of s?
2, 7, 23
Suppose -4*i + 15 = -1. Suppose -4*p = -4*a + 52, -5*a = -p - 2*p - 67. Suppose -i*b + 0*b + 30 = 3*d, a = 2*b + 2*d. List the prime factors of b.
3
Let c(a) = -a**3 + 32 - a + a**2 - 7*a**3 + 7*a**3. Let x be c(0). Let r = 60 - x. What are the prime factors of r?
2, 7
Let l be 2060/8*(-4)/(-5). Let d = 330 - l. What are the prime factors of d?
2, 31
Let h = 231 - 447. Let c = -127 - h. List the prime factors of c.
89
Let y be 3/(2 - (-63)/(-33)). Suppose y + 119 = 4*c. What are the prime factors of 1 + (c - (-2 - -1))?
2, 5
List the prime factors of (295/(-6) - -3)/((-7)/42).
277
Let j(i) = -113*i**3 + 3*i + 0 + 121*i**3 - 1. What are the prime factors of j(3)?
2, 7
Suppose 5*p - 9*p + 2*d + 5922 = 0, -4*p = 3*d - 5947. List the prime factors of p.
1483
Suppose 34*q - 4520 = 29*q. List the prime factors of q.
2, 113
Let f = -7 - -11. Suppose -2*s + 3*s = f*p + 20, -5*s = 4*p - 4. Suppose s*i - 13 = 3. List the prime factors of i.
2
Let d(n) = -20*n - 11. What are the prime factors of d(-6)?
109
Suppose -54 = -x - 0*x. Let t be 6/(-27) + (-204)/x. What are the prime factors of (9/(-6))/(t/56)?
3, 7
Suppose 2*h + 76 = 3*b, 0*h + 2 = 2*h. Let r = b + -26. List the prime factors of 5 + -1 + 36 + r.
2, 5
Let f = 180 - 47. Let j = f + -60. What are the prime factors of j?
73
Let k = 1639 + -365. List the prime factors of k.
2, 7, 13
Let t = -10 + 15. Suppose r = t - 2. List the prime factors of r.
3
Let i(f